ctor of 4953744 and 552?
24
Calculate the greatest common factor of 51 and 19352307.
51
What is the highest common divisor of 98932710 and 7890?
7890
Calculate the greatest common divisor of 1168293 and 5124.
21
Calculate the greatest common divisor of 8 and 47147192.
8
Calculate the highest common divisor of 297648918 and 42.
42
Calculate the greatest common factor of 1916387 and 36520.
913
Calculate the highest common divisor of 67 and 292420696.
67
Calculate the greatest common divisor of 392232 and 617376.
1416
Calculate the greatest common factor of 8578120 and 53960.
760
What is the greatest common divisor of 150 and 6370830?
30
What is the greatest common divisor of 141860000 and 22144?
5536
Calculate the greatest common divisor of 4973670 and 107055.
1755
What is the highest common factor of 2968 and 11693072?
424
What is the greatest common divisor of 23019180 and 2960?
740
What is the greatest common factor of 86 and 2252813?
43
Calculate the highest common factor of 47 and 13825379.
47
What is the greatest common factor of 1900 and 3530580?
380
What is the greatest common divisor of 180445832 and 9708?
3236
What is the highest common divisor of 930 and 2483410?
310
What is the highest common factor of 8074 and 162514?
22
What is the highest common factor of 20503207 and 17?
17
What is the highest common factor of 5748 and 44752012?
1916
What is the highest common factor of 173382 and 10656?
222
Calculate the highest common divisor of 3630416 and 128.
16
Calculate the highest common divisor of 346872 and 1343256.
2328
What is the greatest common divisor of 3467 and 68289499?
3467
Calculate the greatest common divisor of 83 and 145829174.
83
What is the highest common divisor of 1171620 and 6101480?
5660
Calculate the highest common divisor of 132077246 and 532.
266
What is the highest common factor of 3871770 and 882195?
1545
What is the greatest common divisor of 879882768 and 9?
9
Calculate the greatest common divisor of 706910 and 33450.
2230
Calculate the highest common divisor of 16533814 and 104841.
3883
What is the highest common divisor of 7707282 and 24552?
2046
What is the highest common divisor of 10868 and 4600508?
836
Calculate the highest common divisor of 443210928 and 16.
16
Calculate the highest common divisor of 3452 and 1262533617.
863
What is the greatest common factor of 259 and 51090599?
259
Calculate the highest common divisor of 6 and 3195282.
6
Calculate the greatest common factor of 60 and 58115540.
20
Calculate the greatest common divisor of 1341 and 55773.
9
What is the greatest common factor of 11 and 3167642016?
11
What is the greatest common divisor of 16829295 and 525?
105
What is the highest common factor of 3716512 and 1240?
8
Calculate the greatest common divisor of 3335591 and 28.
7
What is the greatest common factor of 41531867 and 11050?
221
What is the highest common divisor of 50298880 and 44515?
1535
Calculate the greatest common factor of 140186 and 319232.
58
Calculate the highest common divisor of 8804787 and 26427.
1149
What is the highest common factor of 10590 and 121098?
6
Calculate the greatest common divisor of 1548 and 8306052.
516
Calculate the highest common factor of 98800110 and 66.
6
Calculate the highest common factor of 1238467 and 44973.
263
Calculate the highest common divisor of 36 and 21199230.
18
What is the highest common factor of 7 and 1112369?
1
What is the highest common divisor of 24826533 and 3?
3
What is the greatest common divisor of 1419315225 and 2733?
2733
What is the greatest common factor of 4950 and 21795840?
990
Calculate the greatest common divisor of 8148296 and 36049.
611
Calculate the highest common divisor of 66243 and 4600623.
933
What is the highest common factor of 33879535 and 13626?
757
Calculate the greatest common factor of 4318 and 1462.
34
Calculate the highest common divisor of 224 and 45152576.
224
What is the highest common factor of 85907276 and 13?
13
Calculate the highest common divisor of 1281 and 951615616.
427
Calculate the greatest common factor of 58 and 8045383.
29
What is the greatest common divisor of 17140800 and 864?
96
Calculate the greatest common divisor of 20844500 and 475.
25
Calculate the greatest common divisor of 1664 and 431967872.
128
Calculate the highest common factor of 87 and 106020897.
87
Calculate the greatest common factor of 46298 and 29419072.
6614
Calculate the highest common divisor of 60895796 and 104.
52
Calculate the highest common factor of 2329954 and 2750.
22
Calculate the highest common divisor of 476 and 1842652.
28
Calculate the greatest common factor of 1245 and 1602564.
249
What is the highest common divisor of 821 and 47946400?
821
Calculate the greatest common divisor of 478464 and 25032.
168
What is the greatest common divisor of 316184 and 1672?
88
Calculate the greatest common divisor of 180 and 121152.
12
What is the greatest common divisor of 116682780 and 240?
60
What is the highest common divisor of 419954496 and 2496?
2496
Calculate the greatest common factor of 96385480 and 76.
76
Calculate the greatest common factor of 636408 and 1287.
9
Calculate the greatest common factor of 3950 and 3916030.
790
Calculate the highest common factor of 111276507 and 207.
69
Calculate the greatest common divisor of 248126220 and 255.
255
Calculate the greatest common divisor of 3332392 and 5320.
56
Calculate the greatest common factor of 338723047 and 598.
299
Calculate the greatest common divisor of 2529898 and 91217.
1099
Calculate the highest common divisor of 74 and 855216742.
74
What is the greatest common divisor of 10464 and 10486236?
1308
Calculate the highest common divisor of 1784784 and 3516729.
5871
What is the greatest common divisor of 7882583 and 49220?
2461
What is the highest common divisor of 33832420 and 20?
20
Calculate the highest common factor of 7171465 and 127642.
3359
Calculate the greatest common divisor of 28 and 3499840.
4
What is the greatest common factor of 1903996 and 21286?
734
What is the highest common factor of 4032 and 5043528?
504
What is the highest common factor of 7881316 and 496?
124
What is the highest common divisor of 48646808 and 643?
643
Calculate the greatest common factor of 1014 and 286572.
78
Calculate the highest common divisor of 173656 and 100352.
392
Calculate the greatest common factor of 43666147 and 49.
7
What is the greatest common factor of 4726200 and 1392?
24
Calculate the greatest common factor of 54931446 and 158450.
6338
Calculate the greatest common divisor of 35758 and 401204.
38
Calculate the highest common divisor of 60 and 99450735.
15
Calculate the highest common divisor of 642 and 6045114.
6
What is the highest common factor of 179757 and 4?
1
Calculate the highest common factor of 151816 and 3976.
56
Calculate the highest common divisor of 5954 and 68450161.
2977
What is the highest common divisor of 156738 and 5232603?
453
What is the highest common divisor of 25104 and 1648?
16
What is the greatest common factor of 200700 and 103050?
450
What is the greatest common divisor of 1515888 and 13266?
198
Calculate the highest common factor of 291881 and 247577.
71
Calculate the greatest common factor of 1168 and 72112.
16
What is the greatest common factor of 232699230 and 102?
102
What is the highest common divisor of 152 and 5347987?
19
What is the greatest common factor of 2937 and 662006653?
979
What is the highest common divisor of 1139 and 2241093?
17
What is the highest common divisor of 48235 and 119900?
55
What is the greatest common factor of 2104 and 11273758?
526
Calculate the highest common factor of 2508 and 2227434.
66
Calculate the greatest common divisor of 2672 and 60101129.
167
What is the highest common divisor of 1054445 and 66023?
641
Calculate the greatest common factor of 1162502 and 451242.
1166
What is the greatest common factor of 23114498 and 562?
562
Calculate the highest common divisor of 266 and 753578.
266
What is the highest common divisor of 26151810 and 270?
30
What is the greatest common divisor of 2740665 and 5?
5
Calculate the highest common factor of 23472 and 10500.
12
What is the highest common divisor of 5217928 and 36?
4
Calculate the greatest common divisor of 7600 and 3137584.
304
Wh